0 - 20?
601630
In base 14, what is -3ad + -5954?
-5d23
In base 3, what is -1202 + -121102111?
-121111020
In base 13, what is 33 + 5bb3?
5c16
In base 6, what is 150555 - 5533?
141022
In base 11, what is -6 + 332a486?
332a480
In base 4, what is 210 - -12213210221?
12213211031
In base 2, what is -10010001000001111 - -101011?
-10010000111100100
In base 5, what is -10323331 - -133?
-10323143
In base 15, what is -16db8 - -2c2a?
-1418d
In base 2, what is -10111100011111111100 + 101111?
-10111100011111001101
In base 6, what is -3214512440 + -5?
-3214512445
In base 13, what is -41 + -102b218?
-102b259
In base 12, what is 216692a - 5?
2166925
In base 10, what is -4997 - -12167?
7170
In base 15, what is -42453e09 - 4?
-42453e0d
In base 4, what is 3231301213 + -13?
3231301200
In base 14, what is -5 - -97253a3?
972539c
In base 10, what is -2268 + -9834?
-12102
In base 14, what is -8a + 20bd4?
20b48
In base 10, what is -3705 - 357?
-4062
In base 2, what is -11100001010100101011011110 + -11?
-11100001010100101011100001
In base 4, what is -120 - 23131203?
-23131323
In base 15, what is -5 - -5bd1a?
5bd15
In base 14, what is 0 + -2b9ab?
-2b9ab
In base 16, what is -90cc74f + 1?
-90cc74e
In base 3, what is 10221100 - -1020122010?
1101120110
In base 15, what is -a52a1269 - -1?
-a52a1268
In base 4, what is 30 - 21121300123?
-21121300033
In base 7, what is 313 + -1665165?
-1664552
In base 13, what is b572 + -148?
b427
In base 9, what is 5718 - 412?
5306
In base 5, what is -1010 + 3042403?
3041343
In base 5, what is 432212014111 - -2?
432212014113
In base 15, what is 183e0 + -1316?
170c9
In base 15, what is -1 + -488da89?
-488da8a
In base 8, what is 221632122 - 5?
221632115
In base 5, what is -1002342 - -312210?
-140132
In base 5, what is -10 - 3240224410?
-3240224420
In base 15, what is 1403c6 + 1?
1403c7
In base 3, what is 111020220000 + 0?
111020220000
In base 7, what is -46600524 - 0?
-46600524
In base 3, what is -1221021 + 10002200001?
10000201210
In base 5, what is -10140013 + -3014?
-10143032
In base 15, what is -1a - -1458d5?
1458ba
In base 8, what is -2254511 + -2667?
-2257400
In base 4, what is -2330302110 + 2?
-2330302102
In base 7, what is -13633301 - 46?
-13633350
In base 15, what is 2ae0bb - 5?
2ae0b6
In base 6, what is -30500521045 + 3?
-30500521042
In base 11, what is -929a67 + -4?
-929a70
In base 16, what is 4998b1 - -8a?
49993b
In base 5, what is -11143213300 - -1?
-11143213244
In base 5, what is 111 - 4423240030?
-4423234414
In base 5, what is -4314303 - -143131?
-4121122
In base 15, what is -103ccbb4 + 0?
-103ccbb4
In base 10, what is -5 + -724005?
-724010
In base 14, what is 981566 - 1?
981565
In base 7, what is 12250626 + 3?
12250632
In base 5, what is -3 - 11120332143?
-11120332201
In base 15, what is -cb70c0 + -9?
-cb70c9
In base 12, what is 20ab3a0 - 3?
20ab399
In base 13, what is -152b6b - 5?
-152b73
In base 6, what is -102152425 + -41?
-102152510
In base 12, what is -889 - 39749?
-3a416
In base 11, what is 2 + 200a4996?
200a4998
In base 3, what is -101 - 11101212110002?
-11101212110110
In base 12, what is 22357 + 246?
225a1
In base 7, what is -14 - 140154203?
-140154220
In base 11, what is 6 + 9a600?
9a606
In base 14, what is -1 + 42b01c?
42b01b
In base 3, what is 10121 - 101201111211?
-101201101020
In base 3, what is -11212211110112 - -212?
-11212211102200
In base 4, what is 12 + 33301112333?
33301113011
In base 11, what is 6304 - 2483?
3931
In base 16, what is 1e27a9 - -10d?
1e28b6
In base 11, what is 673 - -3636?
41a9
In base 15, what is -148 + -5403?
-554b
In base 15, what is 10 + 3a33?
3a43
In base 13, what is -3 - 70b578?
-70b57b
In base 12, what is -189 + 19140?
18b73
In base 9, what is 386321 + -181?
386130
In base 13, what is -104a86 - 3?
-104a89
In base 10, what is 165 - 55877?
-55712
In base 8, what is 427613 - 477?
427114
In base 12, what is 70 + -2269a9?
-226939
In base 12, what is -180 + 5a170?
59bb0
In base 4, what is 310 - -1122312331?
1122313301
In base 15, what is -3be - -696?
2c7
In base 11, what is 0 + -754909?
-754909
In base 14, what is 2d27d - 4bc?
2cba1
In base 6, what is 3 + 20145300404?
20145300411
In base 13, what is 811723 + 7?
81172a
In base 7, what is 1433 + -310615?
-306152
In base 7, what is 41 + -153026020?
-153025646
In base 15, what is 2cac0 + 1d?
2cadd
In base 3, what is -2 - -200020010220022?
200020010220020
In base 11, what is 3 - 66a38a7?
-66a38a4
In base 13, what is 3cc + 2b6241?
2b6640
In base 5, what is 23 - 20032043124?
-20032043101
In base 9, what is 8 + 20225563?
20225572
In base 4, what is -303210201 - -101323?
-303102212
In base 12, what is 4510b597 + 0?
4510b597
In base 3, what is 1211200110201 + 2?
1211200110210
In base 10, what is -18 + 63017662?
63017644
In base 3, what is 2210000120112 - -2?
2210000120121
In base 10, what is -20211 + 619?
-19592
In base 15, what is -26298d + 5?
-262988
In base 12, what is -1b0b7a9 - -4?
-1b0b7a5
In base 15, what is 15 - -286164?
286179
In base 13, what is 48 + -210a01?
-210986
In base 6, what is 4 - 320242330?
-320242322
In base 9, what is -5024613 - -10?
-5024603
In base 7, what is 116 - 553421?
-553302
In base 10, what is 19895 - 4974?
14921
In base 13, what is -41 - -2101794?
2101753
In base 12, what is -33 + -71068?
-7109b
In base 13, what is 58c82 - 18b?
58ac4
In base 15, what is -978 - 77c32?
-786aa
In base 9, what is 4611624283 - -3?
4611624286
In base 2, what is 1111110101000 + 1110110111?
10001101011111
In base 16, what is 101 + -4f3cd?
-4f2cc
In base 10, what is 16 + 539943?
539959
In base 15, what is 1a5e335 + 3?
1a5e338
In base 14, what is -9 + 5c89a88?
5c89a7d
In base 14, what is b287d8 - 19?
b287bd
In base 3, what is 21002120212 - 10112112?
20222001100
In base 4, what is -2003113222 - 33200?
-2003213022
In base 16, what is 326d8d + -7?
326d86
In base 2, what is 10010001010 - -10101110100010?
11000000101100
In base 15, what is d0 - 19e73?
-19d93
In base 16, what is 5c565b - -2?
5c565d
In base 11, what is 1506a + 2670?
1772a
In base 5, what is -24100002 + -211?
-24100213
In base 3, what is 102001112122211 - -22?
102001112200010
In base 13, what is 8 - 2259c76?
-2259c6b
In base 7, what is 4 + 120610244?
120610251
In base 13, what is 36 - -a27c0?
a2826
In base 8, what is -12571675 - -45?
-12571630
In base 6, what is 103 - 1345225?
-1345122
In base 14, what is 7759d5 + -126?
7758ad
In base 16, what is 5227 - -1cf?
53f6
In base 6, what is 24335301 + -1503?
24333354
In base 11, what is 2428526 - -5?
2428530
In base 14, what is c - 38b1d?
-38b11
In base 3, what is -1 - 101000202201211?
-101000202201212
In base 11, what is -4283a7 + -12?
-428409
In base 8, what is 462 - -42142?
42624
In base 8, what is -22742715 - -12?
-22742703
In base 3, what is 111012221100 + 1110?
111012222210
In base 2, what is -100110011101111110000 + -1000010?
-100110011110000110010
In base 15, what is a - 362090?
-362085
In base 2, what is -1000110011 - 11111110101011011?
-11111111110001110
In base 3, what is -10101000200220012021 + -1?
-10101000200220012022
In base 4, what is -130001 - -1030130?
300123
In base 14, what is 1782b9b5 - -2?
1782b9b7
In base 12, what is -75b2240 + -5?
-75b2245
In base 10, what is 19 + 138493?
138512
In base 12, what is 1075867 - 73?
10757b4
In base 10, what is -161876101 - 2?
-161876103
In base 7, what is 552 - 222053?
-221201
In base 14, what is 1d5bd4 - -3?
1d5bd7
In base 15, what is 15a177 + -15?
15a162
In base 15, what is -6e3 + -4b8d?
-5381
In base 8, what is 546606 + -751?
545635
In base 10, what is -353 - -141797?
141444
In base 9, what is 503522 - -50?
503572
In base 7, what is -6630355 - -2204?
-6625151
In base 10, what is -224 - 12?
-236
In base 15, what is -1 + 1513c5?
1513c4
In base 9, what is 634086 + 548?
634645
In base 11, what is 15945a103 + -6?
15945a0a8
In base 3, what is 2101010102 - 212110?
2100020222
In base 4, what is -11 - -202331100021?
202331100010
In base 12, what is 31aa + 27066?
2a254
In base 11, what is -14 - -70aa640?
70aa627
In base 16, what is -3df900 - -5?
-3df8fb
In base 2, what is -1010010000111111101000111 - 10?
-1010010000111111101001001
In base 12, what is -b + -205997a?
-2059989
In base 8, what is 30 - 2261327?
-2261277
In base 6, what is 21224 + -435300?
-414032
In base 2, what is -110 + -11001100100110